 prime factors of 160524.
2, 3, 7, 13
What are the prime factors of 44380?
2, 5, 7, 317
List the prime factors of 11609.
13, 19, 47
What are the prime factors of 1911?
3, 7, 13
List the prime factors of 251.
251
What are the prime factors of 9638?
2, 61, 79
What are the prime factors of 1808?
2, 113
What are the prime factors of 29539?
109, 271
What are the prime factors of 68?
2, 17
What are the prime factors of 1535?
5, 307
List the prime factors of 2138.
2, 1069
List the prime factors of 12298.
2, 11, 13, 43
List the prime factors of 1257.
3, 419
List the prime factors of 3885.
3, 5, 7, 37
List the prime factors of 49.
7
List the prime factors of 3512.
2, 439
What are the prime factors of 38859?
3, 12953
List the prime factors of 11922.
2, 3, 1987
What are the prime factors of 16914?
2, 3, 2819
What are the prime factors of 9277?
9277
List the prime factors of 49556.
2, 13, 953
List the prime factors of 8352.
2, 3, 29
List the prime factors of 829.
829
What are the prime factors of 3279?
3, 1093
What are the prime factors of 60721?
41, 1481
List the prime factors of 28303.
11, 31, 83
List the prime factors of 13.
13
List the prime factors of 9792.
2, 3, 17
List the prime factors of 1278.
2, 3, 71
What are the prime factors of 937?
937
List the prime factors of 1979.
1979
What are the prime factors of 846?
2, 3, 47
List the prime factors of 86601.
3, 28867
What are the prime factors of 1330?
2, 5, 7, 19
List the prime factors of 118977.
3, 39659
What are the prime factors of 200?
2, 5
What are the prime factors of 3393?
3, 13, 29
What are the prime factors of 473?
11, 43
List the prime factors of 6247.
6247
What are the prime factors of 64469?
23, 2803
List the prime factors of 1140.
2, 3, 5, 19
List the prime factors of 454.
2, 227
List the prime factors of 1792.
2, 7
List the prime factors of 450.
2, 3, 5
What are the prime factors of 1743?
3, 7, 83
List the prime factors of 64433.
64433
List the prime factors of 1130.
2, 5, 113
What are the prime factors of 37759?
61, 619
What are the prime factors of 5111?
19, 269
What are the prime factors of 34498?
2, 47, 367
What are the prime factors of 140324?
2, 35081
List the prime factors of 14734.
2, 53, 139
What are the prime factors of 17501?
11, 37, 43
What are the prime factors of 2634?
2, 3, 439
List the prime factors of 85.
5, 17
List the prime factors of 519.
3, 173
List the prime factors of 127627.
23, 31, 179
What are the prime factors of 36370?
2, 5, 3637
What are the prime factors of 1209?
3, 13, 31
What are the prime factors of 7593?
3, 2531
List the prime factors of 3908.
2, 977
What are the prime factors of 20447?
7, 23, 127
List the prime factors of 1295.
5, 7, 37
What are the prime factors of 17271?
3, 19, 101
List the prime factors of 150245.
5, 151, 199
List the prime factors of 2997.
3, 37
What are the prime factors of 10262?
2, 7, 733
List the prime factors of 141.
3, 47
List the prime factors of 61457.
11, 37, 151
What are the prime factors of 491?
491
What are the prime factors of 2699?
2699
List the prime factors of 9958.
2, 13, 383
What are the prime factors of 1283?
1283
List the prime factors of 80128.
2, 313
List the prime factors of 584.
2, 73
List the prime factors of 32382.
2, 3, 7, 257
What are the prime factors of 7062?
2, 3, 11, 107
What are the prime factors of 804?
2, 3, 67
What are the prime factors of 6101?
6101
What are the prime factors of 22600?
2, 5, 113
List the prime factors of 20423.
13, 1571
What are the prime factors of 748?
2, 11, 17
List the prime factors of 9587.
9587
List the prime factors of 11955.
3, 5, 797
What are the prime factors of 625?
5
What are the prime factors of 12316?
2, 3079
List the prime factors of 1845.
3, 5, 41
List the prime factors of 21298.
2, 23, 463
List the prime factors of 5548.
2, 19, 73
List the prime factors of 2589.
3, 863
What are the prime factors of 124637?
23, 5419
What are the prime factors of 6006?
2, 3, 7, 11, 13
List the prime factors of 17726.
2, 8863
List the prime factors of 23761.
23761
List the prime factors of 33686.
2, 16843
What are the prime factors of 522?
2, 3, 29
List the prime factors of 31595.
5, 71, 89
What are the prime factors of 461?
461
What are the prime factors of 44431?
157, 283
What are the prime factors of 83475?
3, 5, 7, 53
What are the prime factors of 12501?
3, 463
List the prime factors of 4714.
2, 2357
What are the prime factors of 14225?
5, 569
What are the prime factors of 17814?
2, 3, 2969
List the prime factors of 4510.
2, 5, 11, 41
What are the prime factors of 46382?
2, 7, 3313
What are the prime factors of 859?
859
What are the prime factors of 6322?
2, 29, 109
What are the prime factors of 13216?
2, 7, 59
List the prime factors of 1063.
1063
What are the prime factors of 903?
3, 7, 43
List the prime factors of 5595.
3, 5, 373
What are the prime factors of 1066?
2, 13, 41
List the prime factors of 167.
167
What are the prime factors of 6896?
2, 431
What are the prime factors of 94009?
94009
What are the prime factors of 15570?
2, 3, 5, 173
List the prime factors of 4537.
13, 349
What are the prime factors of 780?
2, 3, 5, 13
List the prime factors of 1351.
7, 193
What are the prime factors of 1762?
2, 881
List the prime factors of 6340.
2, 5, 317
What are the prime factors of 543?
3, 181
What are the prime factors of 57570?
2, 3, 5, 19, 101
List the prime factors of 3774.
2, 3, 17, 37
What are the prime factors of 1772?
2, 443
What are the prime factors of 2640?
2, 3, 5, 11
List the prime factors of 1423.
1423
List the prime factors of 4177.
4177
List the prime factors of 681.
3, 227
List the prime factors of 9530.
2, 5, 953
What are the prime factors of 215?
5, 43
List the prime factors of 16287.
3, 61, 89
What are the prime factors of 47605?
5, 9521
List the prime factors of 3621.
3, 17, 71
What are the prime factors of 3583?
3583
List the prime factors of 20743.
20743
List the prime factors of 4857.
3, 1619
What are the prime factors of 14716?
2, 13, 283
What are the prime factors of 77095?
5, 17, 907
What are the prime factors of 23323?
83, 281
What are the prime factors of 13266?
2, 3, 11, 67
What are the prime factors of 8424?
2, 3, 13
List the prime factors of 5892.
2, 3, 491
List the prime factors of 184.
2, 23
List the prime factors of 9457.
7, 193
What are the prime factors of 1128?
2, 3, 47
What are the prime factors of 88?
2, 11
What are the prime factors of 1113?
3, 7, 53
What are the prime factors of 4917?
3, 11, 149
What are the prime factors of 199?
199
What are the prime factors of 764?
2, 191
What are the prime factors of 66265?
5, 29, 457
List the prime factors of 71455.
5, 31, 461
List the prime factors of 31413.
3, 37, 283
List the prime factors of 18517.
18517
What are the prime factors of 5845?
5, 7, 167
What are the prime factors of 1101?
3, 367
What are the prime factors of 6736?
2, 421
What are the prime factors of 6634?
2, 31, 107
List the prime factors of 2095.
5, 419
List the prime factors of 53322.
2, 3, 8887
What are the prime factors of 1075?
5, 43
List the prime factors of 11386.
2, 5693
List the prime factors of 3250.
2, 5, 13
List the prime factors of 5927.
5927
List the prime factors of 76110.
2, 3, 5, 43, 59
What are the prime factors of 541?
541
What are the prime factors of 38660?
2, 5, 1933
What are the prime factors of 1335?
3, 5, 89
List the prime factors of 3170.
2, 5, 317
List the prime factors of 14374.
2, 7187
What are the prime factors of 1650?
2, 3, 5, 11
What are the prime factors of 5359?
23, 233
List the prime factors of 2912.
2, 7, 13
What are the prime factors of 1634?
2, 19, 43
What are the prime factors of 2906?
2, 1453
What are the prime factors of 127695?
3, 5, 8513
List the prime factors of 20664.
2, 3, 7, 41
List the prime factors of 42992.
2, 2687
List the prime factors of 2143.
2143
List the prime factors of 7470.
2, 3, 5, 83
List the prime factors of 1690.
2, 5, 13
What are the prime factors of 7278?
2, 3, 1213
What are the prime factors of 22229?
22229
List the prime factors of 968.
2, 11
What are the prime factors of 4922?
2, 23, 107
List the prime factors of 33876.
2, 3, 941
List the prime factors of 951.
3, 317
What are the prime factors of 290?
2, 5, 29
List the prime factors of 9943.
61, 163
List the p